alue of -1 + (2 - -13) + (-10919 - -10822)?
-83
What is the value of -87 + 1 + 46 - -71?
31
31 - ((94 - 119 - (-6 - -1)) + 5)
46
What is the value of -1968 + 2007 - (-72 - -1)?
110
Evaluate 5 - (3 - (36 - (-60 - -71 - (0 - -21)))).
48
11 - (6 + 6 + -4 + -5 + -10)
18
Evaluate (92 - 105) + -7 + 27 + -2 + (-12 - -3).
-4
(-4 - 2) + 3 + -7 - 15
-25
What is (2 - (-2 - -3)) + -7693 + 7670?
-22
Evaluate -3101 + 3354 - (1 - -103).
149
What is the value of -1 - -128 - (0 + 17 + 1668 + -1706)?
148
What is the value of 418 - 390 - (116 + 8 - -7)?
-103
Calculate (-828 - -1027) + -51 + -18.
130
(121 - 88) + -24 + (-51 - 0)
-42
Calculate 56 - (96 + -209 - -105).
64
Evaluate -16 - (9 + (24 - -33) + -8).
-74
What is the value of -23 - -13 - (-4 + -1 - 5) - -2 - 69?
-67
What is 6977 - 7003 - (-2 + 11 + -1)?
-34
Evaluate 38 + (1 - (66 + -9)).
-18
(3 - 7) + 4 + 62 + -15 + 0
47
Evaluate 7 - 1 - ((2 - 19) + -753 + 824).
-48
What is the value of 2 + -21 - -3 - (-100 + 84 + (-1 - -30))?
-29
-2 - (32 + -2 + -15) - (-19 + -3)
5
Calculate (5 - 4) + (-3 - -2) + 16 + (-5 - 16).
-5
Evaluate 15 + (24 - (63 - 103)) - (3 - 0).
76
Evaluate -28 - -3 - (-7 + -24).
6
What is (-6 - (3 + -3)) + 8 + (10 - (-13 + -12))?
37
What is 111 + 43 + -28 + -115?
11
Evaluate 50 + (45 - (54 + 66)).
-25
Evaluate 99 + -81 + 123 + -199.
-58
What is the value of 110 + (-39 - -25) + 9 + 30?
135
3 + 5 + (-23 - (-33 - 14))
32
-46 + (20 - 55 - -30)
-51
What is the value of -15 + 42 + (-10 - (-1 - (-15 + 10)))?
13
What is the value of (-15 - (-17 + 8 - 7)) + 33?
34
What is -6 - ((-36 - -89) + 0 + -10)?
-49
(2 - -9) + (26 - (-59 - -89))
7
What is the value of 11 - (1 + 10 + -5 + (12 - -8))?
-15
What is the value of -39 + 19 + 43 - 8?
15
Evaluate -51 - ((-44 - 7) + -5).
5
Calculate -158 - -60 - -91 - (2 + 1 + -1 + -90).
81
Calculate 29 + 114 + -166 + (105 - -7).
89
Calculate 15 + 11 + -86 - -48.
-12
What is the value of 8 + -42 + 40 - -38?
44
Calculate (-18 - (-7 - -16 - 45)) + -26.
-8
Evaluate -18 + -22 + 2 + 39 + 0.
1
(118 - (13 + 51)) + -85
-31
Evaluate 5 + (-5 - 1) + -1 + 1018 + -1014.
2
Evaluate (25 - ((73 - 36) + -7)) + -8 + (-3 - -1).
-15
-20 + -16 + 42 + 3 + 11
20
Evaluate 89 + -87 + -25 + 26 + 1.
4
What is (37 - -23) + (-1 + 2 - (15 + -16 + 5))?
57
-41 - -1 - (480 + -482 - (0 - 12) - 20)
-30
What is (164 - 335) + 6 - -227?
62
18 - (133 + -11 - (-25 - -21)) - -15
-93
-65 + 87 - (10 + -3 - 27)
42
Calculate -10 + 2 - (-15 + (-109 - -67)).
49
Calculate (-22 - (-8 + -38) - -13) + 6.
43
What is (30 + -63 - 27) + 153?
93
3 + (-23 - (47 + -133))
66
What is the value of (10 - (0 - (-17 + 18))) + -75 + (6 - -2)?
-56
Evaluate -28 + 10 + 26 + (-2 - 102).
-96
1 + (6 - 0) - 98 - (-15 + 0 - -14)
-90
What is the value of 1 + (6 - 13) + -1 - -17 - (52 + -1)?
-41
What is (-1 - 3 - -8) + (137 - 141) + -1 + -31?
-32
Evaluate -345 + 361 - (1 + 23) - -5.
-3
Calculate -19 + (0 - -5 - (-42 - -42 - (-5 + 6))).
-13
What is 12 + -24 + (-4 - (-14 + 5 + 12))?
-19
2 + -7 - ((44 - (30 - 27)) + -24)
-22
-140 + 153 - (-8 + (16 - -17))
-12
What is the value of -52 + -1 - (367 + -354 - (-2 - -31))?
-37
Calculate 29 - (-26 + (-31 - -54)) - 38.
-6
5 + 1 + (-17 - (5 + 5 + -23)) + -31
-29
0 + 24 - (-1634 - -1659)
-1
-8 - ((-5 - -16 - 0) + (-33 + -3 - 12))
29
Calculate 37 - (38 + 16 + 1).
-18
Evaluate (19 - (-3 - (-10 + -2))) + (45 - 2).
53
(0 + -11 - 3) + 32 + (22 - (-3 + -20))
63
What is (-5 - -10) + -9 + 19 + 56 + -8 + 9?
72
Evaluate (-11 - 3) + -3 + 2 + (-9 - -12).
-12
What is 34 - 55 - (8 + 5) - (6 - 2 - 1)?
-37
Calculate 17 + -53 + 154 + -50.
68
What is 42 - -3 - (18 + 27)?
0
Evaluate (101 - (-36 - -153)) + -108.
-124
What is (-120 - -1) + (7314 - 7254)?
-59
Evaluate 63 + (-8 + 17 - -2 - 14 - (3 + 0)).
57
(19 + -54 - (-1 - 3)) + 286 + -276
-21
What is the value of -69 + 76 + (7 - 7) + -5 + 52?
54
What is (228 - 281) + (-4 - (-6 + (-2 - -6) - 3))?
-52
Calculate 2 + -10 + -20 + (9 + 2 - 16).
-33
(111 - (41 + -10) - 27) + 28
81
What is the value of 19 + -38 + 49 + -28?
2
Calculate -8 + 20 + -7 + (217 - 216) + -131 + 0.
-125
Calculate (-42 - -1) + (26 + -105 - -78).
-42
Calculate -7 - (-22 + 1 - (-12 + 15) - (-71 + 70)).
16
28 + (-1 - -68 - 29 - 48)
18
What is 30 + -58 + (-19 - (-20 + -7))?
-20
Evaluate 0 + (-2 - -13 - -1 - (58 + -48)) + 0.
2
Calculate 7 - 2 - (-359 + 428 - (0 + 11 + 0)).
-53
Evaluate 58 + 41 + -55 - (-16 - -2 - 1).
59
13 - (4 + 31 + -14 - -26)
-34
Calculate -16 - (-9 - 40) - 15.
18
Calculate 61 + -11 - (-52 - -55 - -5).
42
(88 - 15) + 17 + (7 + -16 - -1)
82
Calculate (3 - -12 - -25) + -20 + 4 - (3 - -4).
17
What is the value of -1 - (-19 + 3 - -8 - (-109 + 103))?
1
What is the value of 124 - (-17 + (-7 - (0 - 6)))?
142
What is the value of 5 - (14 - (-11 + 22)) - (8 - -4)?
-10
9 - 4 - ((14 - -1) + -16 - -5)
1
Calculate 19 - (-15 + 31 - -14 - 85).
74
What is -104 + (-2 + 50 - (-478 - -486))?
-64
What is the value of (-37 + 54 - (5 - 11)) + (-14 - -1)?
10
Calculate -66 - -1 - (-38 - (-45 - -8)) - -3.
-61
What is the value of 90 + (46 - 53) + -11?
72
115 + -148 + -69 + 193
91
Calculate -41 - (-3 + 5 - (137 - 127)) - 17.
-50
Evaluate -58 + (12 - 29) + 33.
-42
122 - (57 + (-11 - (3 + 11)))
90
Calculate (-44 - -6) + 24 + 38.
24
Calculate 7 + -102 + 125 + 33 + -1.
62
Calculate 166 - 150 - (-18 + 9 - -3).
22
What is 0 - (-10 - 2 - ((1 - 23 - -21) + 4))?
15
What is -53 - ((-17 - (-5 - -5)) + -47 + 57 + 18)?
-64
0 + 61 - (2258 + -2262)
65
What is the value of -1 + -8 - (-73 - (53 + -103))?
14
Calculate 4580 + -4588 + (16 - (-2 + 0 + 3)).
7
-11 - ((-15 - -28) + -31 + 17)
-10
(27 - -66) + -103 - (-133 - 1 - (2 - 3))
123
What is the value of -919 + 942 - (8 + -2 + 4)?
13
What is the value of 609 + -605 + (0 + 3 - -2)?
9
Calculate 73 - (168 - 17 - 66).
-12
What is 4 + 26 + -3 + (-11 - 11)?
5
Evaluate 49 - 49 - (8 - 6 - 36 - -2) - -2.
34
What is the value of (14 - (25 - 21)) + 11 - 53?
-32
What is 15 - (9 + 0 - (48 + (-28 - -14) + -7))?
33
Calculate -108 + 120 + -115 + (2 + 3 - 1) + -11.
-110
What is 14 + -19 + 13 + -12 - (-7 + -71)?
74
Evaluate (21 - 22 - 22) + -10 + -3.
-36
What is 48 + -50 + 4 + 40?
42
17 + 19 + -24 - (-6 + 1 - -80 - 8)
-55
What is the value of -1 + 16 - (49 + -132 + 109)?
-11
Calculate 6 + 10 + -21 - (-46 - -3 - -3).
35
3 + 11 + -7 + -9 + 10
8
Evaluate 0 - 8 - ((5 - 8) + -28 + 57).
-34
What is 8 - ((13 - (2 + 25)) + 76 + 0)?
-54
Evaluate 0 + 50 + (49 - 75) + 4 + -1 + 1.
28
What is the value of -3 - ((2 - 0 - 4) + (-819 - -818) + 21)?
-21
What is 48 + (-21 - (-8 - 43)) + -9?
69
0 - 4 - ((-32 - (-26 + 16)) + 17)
1
-9 + (30 - -9 - 24) + -60 + 2
-52
5 - 25 - (-8 - -3) - -5
-10
Calculate 32 + -15 + -82 - (-15 - -7).
-57
What is the value of 179 + -169 + (38 - 22)?
26
What is the value of -42 - (-33 - (-4 - -1))?
-12
Calculate -92 - (-29 + (55 - 35)).
-83
Calculate 4 + -27 + 22 + (-33 - -22) - (1 - 63).
50
What is 0 + (9 - (11 + -5 + 99) - -1 - -4)?
-91
What is the value of (-17 - -17) + 135 + -132?
3
What is -3 + 10 + -327 + 314 - (34 + (-1 - 0))?
-39
What is 75 - 14 - (-93 - -117)?
37
Evaluate 20 + 54 + -49 + 19.
44
-148 - ((-535 - -159) + 134)
94
Evaluate -9 - 2 - (38 - ((-32 - 74) + 45)).
-110
What is 77 - 44 - 83 - 14?
-64
Evaluate (-5 - (17 - 26) - (-6 - 0) - 25) + -4.
-19
What is (1 - -12) + -3 + 3 + -3 + 71?
81
What is 3 + -1 + -5 + -9 + 5 - (-35 + 81)?
-53
What is (-43 - 109 - -139) + 90 + 1?
78
-186 + 31 + 3 + 58
-94
What is the value of 5 - (-4 - -3) - (-6 - 3)?
15
38 + -65 + -70 - -8
-89
Evaluate -2 + 15 + (-9 + 26 + -20 - (-17 - -4)).
23
Evaluate (-64 - -6) + (1434 - 1394).
-18
What is -88 - (-10 - 18 - 14)?
-46
What is 2 + 226 - (-9111 + 9226)?
113
What is the value of (55 + -92 - -84) + 57?
104
Calculate 30 - 54 - 11 - (13 + 13).
-61
-7 + (-4 - 11) + 12 + 3 + 11
4
What is 13 + -31 + -1 + 1?
-18
Calculate ((3 - 19) + 6 - 6) + (303 - 333).
-46
Calculate (-37 + 39 - 0) + 2.
4
What is (-9 - -3) + (-186 - -210) + (8 - 0)?
26
What is 2971 + -2836 - (109 - -3)?
23
Calculate 75 + -22 + -41 + 48.
60
Evaluate (-7 - (-64 + 41)) + (32 - 2) + (-1 - -9).
54
What is the value of -24 + -22 + 10 + -6?
-42
(1 - -3 - -21) + -6 - (-1054 + 1026)
47
Calculate -62 - (-1 + 1 + (20 + -50 - -15)).
-47
(37 - 24 - (-4 - -6 - -41)) + -8
-38
What is the value of 8 + 5 + 4 + 10 + 17 + 9?
53
(13 + -1 - (-419 + 364)) + -11 + 3
5